
5
Suppose -4*b = 2*h - 1368, 3*h = -3*b + 6*h + 1026. Calculate the greatest common factor of 18 and b.
18
Let n(w) = 49*w**2 + 3*w - 1. Let g be n(2). Suppose -5*r + a - 210 = 0, -3*a + 19 + g = -5*r. Let j = r + 65. What is the highest common divisor of 192 and j?
24
Suppose 0 = 20*r + 36*r + 7*r - 5544. Let i(l) = 3*l**2 - 2*l. Let h = -6 + 8. Let k be i(h). Calculate the greatest common factor of r and k.
8
Let m(a) = a**3 + 2*a**2 + 2. Let t be m(-2). Suppose 2*z + t*z = -j + 8, -3*z + 5 = j. Calculate the greatest common factor of z and 21.
3
Suppose -2*n - 156 = 4*h, n - 4*n - 242 = -2*h. Let y be ((3/(-2))/(-3))/((-5)/n). Calculate the highest common factor of y and 4.
4
Let d = -20 + 22. Let g be (18 - (-1 + d)) + -3. What is the greatest common factor of g and 70?
14
Let g(u) = 6*u + 6. Let o be g(19). Let y be (-36)/45*(-31 + 1). Let j = y + 0. What is the highest common divisor of j and o?
24
Let u(p) = p**3 + 5*p**2 - 21*p + 11. Let c be u(-7). Let v = 54 - 30. Calculate the highest common factor of c and v.
12
Suppose -3*k + 232 = 28. Suppose 3*m - 473 + 167 = 0. What is the greatest common divisor of m and k?
34
Let r = -9 - 31. Let m = r + 41. What is the greatest common factor of 9 and m?
1
Suppose -j - 3*b + 475 = 3*j, 0 = -2*j - 5*b + 255. Let y be (j/(-10) + 4)*(-32)/10. Suppose 0 = 3*w + 4 - 22. What is the greatest common factor of y and w?
6
Suppose -3*k = -7*k, -4*h + 4*k = -320. Let b(n) = 2*n + 2. Let u be b(4). Calculate the greatest common divisor of h and u.
10
Let n(y) = 2*y + 4. Let f be n(7). Calculate the highest common factor of 225 and f.
9
Let t(l) = 8*l - 4. Let c be t(-3). Let v = -26 - c. What is the greatest common divisor of v and 16?
2
Suppose 4*v + 2*w - 63 - 45 = 0, 0 = -4*w - 8. What is the greatest common divisor of v and 105?
7
Let z(r) = -r + 1. Let m be z(-4). Suppose -19 = a + 3*q, -m*a + 2*q = -0*q + 10. Let g be (-1)/(-2)*(-2 - a). What is the highest common divisor of 1 and g?
1
Let q(d) = -4*d**2 - 5*d - 5. Let y be q(-2). Let j = y + 28. Calculate the highest common factor of 85 and j.
17
Let w = -314 + 446. Let j be (128*1)/4 - -2. Suppose -j - 26 = -5*z. Calculate the greatest common divisor of z and w.
12
Suppose 2*u + 5*u - 784 = 0. Suppose m = -2*b + 2*m - 41, -107 = 5*b - 4*m. Let k = b + 33. Calculate the greatest common divisor of u and k.
14
Suppose -5*f + 10*f = -5*c + 85, 0 = -2*f + 4*c + 58. Suppose -3*l + 8 = -1. Calculate the greatest common divisor of f and l.
3
Suppose 1358 + 121 = 3*h. Suppose h = 17*c - 0*c. Calculate the greatest common divisor of 261 and c.
29
Suppose -57 + 132 = i. Calculate the highest common factor of i and 75.
75
Let m(s) = -2*s - 8. Let g be m(-4). Suppose g*v = 2*v. Suppose 5*z = -4*n + 68, 2*z + 3*n + 2*n - 34 = v. What is the highest common factor of z and 12?
12
Let s be (-1)/(10/(10 + -400)). What is the highest common divisor of s and 12?
3
Let u = -35 - -38. Let p be 8*(-3 - (-2 - u)). Suppose 5*v + 5*o = 0, 4*v - 4*o - 32 = -0*v. Calculate the highest common divisor of v and p.
4
Let c be 3/3 - 0 - 1. Suppose c = g - 6*g + 855. Let r(b) = b**3 - 9*b**2 + 9*b + 11. Let m be r(8). What is the greatest common factor of g and m?
19
Let l = -16 - -34. Let q(v) = -v**3 - 11*v**2 + 13*v + 16. Let p be q(-12). Let j be 45/10*p/2. What is the highest common divisor of j and l?
9
Let m be (-2 - (-24)/14) + 3180/105. Suppose m*l - 33*l = -270. Let h be 10/3*(-54)/(-5). Calculate the highest common divisor of h and l.
18
Suppose 0 = -j - 5, 5 + 4 = -3*a - 3*j. Suppose a*v = v + 798. Let d be 6/(-33) + v/33. What is the highest common factor of d and 192?
24
Let g be 90*(6 - (-63)/(-14)). What is the highest common factor of g and 108?
27
Let v = 1884 - 1865. What is the highest common divisor of v and 3211?
19
Let y(q) = 9*q - 21. Let x be y(5). What is the highest common divisor of 16 and x?
8
Let s(z) = z**3 + 16*z**2 + 11*z + 45. Let c be s(-15). What is the greatest common factor of c and 175?
35
Let y be (356/3)/(4*5/60). What is the highest common divisor of y and 267?
89
Let d = 22 + -16. Let i(n) = -n**3 + 7*n**2 - 8*n - 7. Let b be i(5). Calculate the highest common divisor of b and d.
3
Let i = -301 + 360. Calculate the greatest common factor of i and 413.
59
Let d be ((-15)/(-1))/(185/222). What is the greatest common factor of d and 252?
18
Let g(u) = 3 + 41*u + 71*u - 47*u. Let q be g(1). Calculate the greatest common factor of q and 34.
34
Let f be (2*((-2)/(-2))/(-8))/(6/(-408)). Suppose 4*v - 408 = -3*j, -4*j = -v - 2*v - 544. What is the highest common divisor of j and f?
17
Suppose -161 = -m - 35. What is the greatest common divisor of 224 and m?
14
Suppose -u - 4*h - 21 = 0, -5*h - 7 = -5*u + 13. Let l be (-4)/(2/8*u). What is the greatest common factor of 80 and l?
16
Let y be (-5)/20 + 753/4. Suppose 3*g = 1 + y. Let f(t) = 2*t**2 - 5*t + 4. Let w be f(3). What is the greatest common factor of w and g?
7
Suppose 177 + 279 = 2*u. Let r be u/16 + 2/(-8). Let j be 172/14 + r/(-49). What is the greatest common factor of j and 2?
2
Suppose 0 = j - n + 2, n + 16 = 4*j + 3*n. Let g(r) = 323*r + 20 - 5 + r**j - 316*r. Let c be g(-6). Calculate the greatest common divisor of c and 45.
9
Let r be (-25 - -21)*(1 - 17/(-4)). Let p = 46 + r. Calculate the greatest common divisor of 175 and p.
25
Let c = 37 + -116. Suppose 95 = -4*i + 3*v, i + 68 = -2*i - v. Let y = i - c. What is the highest common factor of y and 7?
7
Suppose -3*u + 3*m = 15, -5*m + 17 = -2*u - 2*u. Let x be -120*(4/u + 0). Calculate the highest common factor of x and 12.
12
Suppose -96 = -15*p + 11*p. Suppose -n = -2*z + 146, -z - 2*z + 206 = 5*n. Calculate the highest common divisor of p and z.
24
Suppose 3*a - 8 = 4*a. Let h be 40*4/(a/(-2)). Calculate the highest common factor of h and 10.
10
Suppose -5*l = 5*s - 550, -4*l = 4 + 12. What is the highest common divisor of 171 and s?
57
Let x be (-10)/((3/1)/((-18)/12)). What is the greatest common factor of 1 and x?
1
Let t = 11 - 0. Suppose -s - 7 = -j, j + s - t = 6*s. Let z(x) = x**3 - 7*x**2 + 8*x. Let p be z(j). What is the highest common factor of p and 12?
12
Let f = 25 + -14. Let g = -10 - -10. Suppose 5*v + 51 - 656 = g. Calculate the highest common divisor of f and v.
11
Suppose 2*m - 220 = -3*m. Let q be ((-40)/15)/(2/(-3)). What is the greatest common divisor of m and q?
4
Let k be 168/35*18/24*5. What is the highest common factor of k and 36?
18
Suppose -62 - 331 = -3*z. Suppose 5*c = 5*s - 2*s + 312, -5*s + z = 2*c. What is the highest common divisor of c and 21?
21
Suppose 0 = -880*m + 874*m + 390. What is the highest common divisor of m and 715?
65
Suppose 0 = -5*r + 5 + 5. Suppose -4*n = -t - 13, -9 = -r*n - n + t. Suppose 4*i - 24 = -4*b, b - 30 = -5*i + n*b. What is the highest common factor of 9 and i?
3
Let x(i) = i**3 - 8*i**2 + 2. Let f be x(8). Suppose a = -d + 10, f*d - a = 30 - 1. Let y = 6 + 7. What is the highest common factor of d and y?
13
Let g be (2*2)/(2/40). Suppose -3*f = -2*h + 19, 5*f - 29 = -3*h + 28. Suppose u - h = -4. What is the greatest common divisor of g and u?
10
Let j = 19 + 1. Let l be (-7 - -2)/(3/(-24)). Let h = l - -10. Calculate the highest common divisor of j and h.
10
Let l(x) = -x**2 + 17*x - 32. Let d be l(15). Let c(u) = -3*u**3 - u**2. Let s be c(d). Calculate the highest common factor of s and 40.
20
Suppose -24 = -5*f - 3*f. Suppose -5*c - 314 = -3*o, -f*o = c + c - 328. Calculate the highest common divisor of o and 12.
12
Suppose 15 = -g + 6*g. Let b(i) = -14*i + g*i**2 + 5*i + i**3 + 3 + 9*i. Let f be b(-3). Calculate the greatest common factor of f and 2.
1
Let k be 28/(-154) + (-1)/((-11)/5117). Calculate the highest common divisor of 15 and k.
15
Suppose -3*d - 8 = -p + 83, -3*p = 2*d + 79. Let r be 396/24*d/(-6). What is the highest common divisor of r and 11?
11
Suppose 0 = 4*y + 5*m - 197, -4*m - 141 = -4*y + 47. What is the greatest common divisor of 18 and y?
6
Let k(q) = -2*q**2 - 2*q - 1. Let u be k(-1). Let g = u - -5. Suppose -g*s - 4*y - 8 = 0, -3*s - 3*y = -s + 8. Calculate the greatest common factor of s and 3.
1
Let x = 1897 + -1039. Suppose -x + 114 = -3*g. Suppose 2*a - a = g. Calculate the greatest common factor of a and 31.
31
Let g = -67